e 1009449138?
True
Does 11 divide 2604616157?
True
Is 28501468 a multiple of 48?
False
Is 5213023922 a multiple of 718?
True
Does 7 divide 17286000?
False
Does 1161 divide 2203767243?
True
Does 28 divide 26441408?
True
Does 307 divide 6606947?
True
Is 102382932 a multiple of 53?
False
Is 9 a factor of 116802531?
True
Is 1715 a factor of 1318835?
True
Is 35 a factor of 791638960?
True
Is 427315476 a multiple of 14?
True
Is 98 a factor of 1465068640?
True
Is 32062422 a multiple of 51?
False
Is 3 a factor of 31189896?
True
Is 369496425 a multiple of 25?
True
Is 5 a factor of 140000448?
False
Is 4 a factor of 1965911001?
False
Does 99 divide 8238681?
True
Does 52 divide 21301370?
False
Is 22 a factor of 32683926?
True
Is 242 a factor of 188268498?
True
Is 5494 a factor of 4585427?
False
Is 198342052 a multiple of 37?
True
Is 14 a factor of 82345910?
False
Is 12 a factor of 6539724?
True
Is 216 a factor of 327807000?
True
Is 5 a factor of 1975590?
True
Is 987 a factor of 166522692?
True
Is 484 a factor of 191220406?
False
Is 719155044 a multiple of 47?
False
Is 786893712 a multiple of 132?
True
Is 56 a factor of 129668504?
True
Does 411 divide 28719757?
False
Is 273 a factor of 4117113?
True
Is 32091369 a multiple of 1240?
False
Does 12 divide 5350817?
False
Is 765760359 a multiple of 4641?
True
Is 1552 a factor of 89841777?
False
Does 2279 divide 84216088?
False
Is 8691662 a multiple of 29?
False
Is 96 a factor of 133065024?
True
Is 3074136800 a multiple of 224?
True
Is 193870148 a multiple of 8?
False
Is 2 a factor of 70719747?
False
Is 132655244 a multiple of 47?
True
Is 168873115 a multiple of 7097?
True
Is 336 a factor of 5525856?
True
Is 115695883 a multiple of 19?
True
Is 27 a factor of 11445662?
False
Does 66 divide 81657642?
True
Is 323 a factor of 508402?
True
Does 158 divide 39986166?
True
Is 46 a factor of 16292903?
False
Is 17 a factor of 110394413?
True
Is 441 a factor of 5466401388?
True
Is 203293683 a multiple of 426?
False
Does 45 divide 687056162?
False
Is 15 a factor of 966195524?
False
Does 44 divide 3987896?
True
Is 456 a factor of 7637148?
False
Is 93 a factor of 78572352?
True
Is 151396843 a multiple of 19?
False
Is 126936834 a multiple of 34?
False
Is 25783596 a multiple of 54?
True
Is 146438900 a multiple of 2?
True
Is 221049962 a multiple of 553?
False
Does 26 divide 88654176?
True
Is 805377615 a multiple of 1655?
True
Is 6 a factor of 5911772?
False
Is 12824152 a multiple of 88?
True
Does 2670 divide 790497605?
False
Does 1054 divide 285129979?
False
Is 378 a factor of 15580627?
False
Does 14 divide 32990027?
False
Does 15 divide 4989727456?
False
Is 80 a factor of 3023200?
True
Is 237884619 a multiple of 2788?
False
Is 84 a factor of 3531192?
True
Is 9332 a factor of 1856037608?
False
Does 162 divide 8380047?
False
Does 7 divide 43754688?
False
Is 91314489 a multiple of 312?
False
Is 38659442 a multiple of 15?
False
Is 357508562 a multiple of 236?
False
Is 25374074 a multiple of 383?
False
Is 1245 a factor of 63686730?
True
Is 198 a factor of 231624558?
True
Is 379161723 a multiple of 352?
False
Is 5 a factor of 18186236?
False
Is 203150912 a multiple of 2612?
True
Does 191 divide 55991366?
False
Is 19 a factor of 195282095?
True
Is 48917559 a multiple of 13?
False
Is 220240191 a multiple of 19?
True
Does 10 divide 23814452?
False
Is 177 a factor of 2361476?
False
Is 407 a factor of 148834895?
False
Is 90 a factor of 686127870?
True
Is 9730125 a multiple of 81?
True
Is 727 a factor of 6210942?
False
Does 1062 divide 225706466?
False
Is 15 a factor of 66011501?
False
Does 10 divide 147890428?
False
Does 95 divide 306354668?
False
Is 680246350 a multiple of 350?
True
Is 249 a factor of 12782664?
True
Is 6 a factor of 2111732?
False
Is 71 a factor of 416831557?
True
Does 868 divide 52113852?
True
Is 832 a factor of 365759680?
True
Is 146364023 a multiple of 8?
False
Does 330 divide 820543099?
False
Is 11 a factor of 11839751?
True
Does 1835 divide 27235070?
True
Does 449 divide 4600573?
False
Is 146 a factor of 19880236?
True
Is 378537225 a multiple of 33?
True
Is 15842040 a multiple of 97?
True
Does 490 divide 804503445?
False
Is 1097343050 a multiple of 25?
True
Is 877041 a multiple of 9?
True
Is 3246461263 a multiple of 12090?
False
Is 418250772 a multiple of 212?
True
Does 768 divide 2256496896?
True
Does 23 divide 1275891052?
True
Is 4791098 a multiple of 1720?
False
Does 57 divide 82455801?
True
Does 402 divide 1248842530?
False
Does 83 divide 780699638?
False
Is 690328554 a multiple of 3103?
False
Is 5664369 a multiple of 3?
True
Is 291432544 a multiple of 3076?
True
Does 490 divide 26504100?
True
Is 14259878 a multiple of 54?
False
Is 803604519 a multiple of 39?
False
Is 514339208 a multiple of 1011?
False
Is 176281836 a multiple of 1234?
True
Is 42869549 a multiple of 55?
False
Is 18148127 a multiple of 23?
True
Is 633208683 a multiple of 6?
False
Is 3115 a factor of 5750663800?
True
Is 463 a factor of 120970692?
False
Does 17 divide 172129267?
True
Is 40 a factor of 66501200?
True
Does 11 divide 193569846?
False
Is 3 a factor of 37767224?
False
Does 57 divide 47706421?
False
Is 78885699 a multiple of 23?
True
Does 398 divide 58084916?
True
Does 273 divide 2429812504?
False
Is 15490320 a multiple of 60?
True
Is 1623 a factor of 674067606?
True
Is 73 a factor of 49941785?
False
Is 1902 a factor of 324134?
False
Does 3 divide 164661984?
True
Is 1403 a factor of 483685653?
True
Is 145599344 a multiple of 11?
True
Does 5 divide 52752736?
False
Does 6 divide 26541466?
False
Is 1760537584 a multiple of 6887?
True
Is 77 a factor of 886867463?
False
Is 203607655 a multiple of 19?
False
Is 10 a factor of 18272870?
True
Is 63083213 a multiple of 342?
False
Is 301 a factor of 23124751?
False
Is 136788919 a multiple of 144?
False
Is 6 a factor of 130155360?
True
Is 7 a factor of 122008787?
False
Is 229207573 a multiple of 321?
False
Is 79 a factor of 36007568?
True
Is 2606 a factor of 638973826?
False
Is 573 a factor of 2754984?
True
Is 53181893 a multiple of 17?
False
Does 3733 divide 93203237?
False
Is 3559916425 a multiple of 16?
False
Is 138 a factor of 500873576?
False
Is 120942268 a multiple of 11?
False
Is 6885984 a multiple of 140?
False
Does 13 divide 37173772?
False
Does 139 divide 81020876?
True
Is 2858 a factor of 1514474206?
True
Does 5905 divide 896804160?
True
Is 3098 a factor of 389028252?
True
Does 298 divide 42490388?
False
Is 217 a factor of 38245382?
True
Does 35 divide 162369725?
True
Does 363 divide 72838052?
False
Is 276 a factor of 13270080?
True
Is 34458483 a multiple of 47?
False
Does 5688 divide 33454988?
False
Is 623 a factor of 946858469?
False
Is 312229205 a multiple of 1433?
True
Is 182 a factor of 64049622?
True
Is 7794167 a multiple of 727?
True
Is 707857 a multiple of 14?
False
Is 215472710 a multiple of 36?
False
Does 236 divide 203358132?
True
Does 558 divide 2236751492?
False
Is 2101 a factor of 681432037?
True
Is 1571 a factor of 559149909?
False
Is 30185046 a multiple of 18?
True
Is 410 a factor of 174575637?
False
Is 68 a factor of 107411508?
True
Does 261 divide 339900341?
False
Does 8 divide 1007680117?
False
Is 64208829 a multiple of 25?
False
Is 3 a factor of 5318366?
False
Is 2563 a factor of 46582379?
False
Is 202 a factor of 15996784?
True
Is 25 a factor of 93243554?
False
Is 1721161729 a multiple of 148?
False
Does 10 divide 62283140?
True
Is 3926 a factor of 55056899?
False
Is 103 a factor of 916949157?
True
Does 78 divide 15572856?
True
Is 363468082 a multiple of 30?
False
Is 13323555 a multiple of 12?
False
Is 311124136 a multiple of 9242?
False
Does 108 divide 4251084038?
False
Is 2659769180 a multiple of 29?
False
Is 39272031 a multiple of 19?
True
Is 140 a factor of 46442265?
False
Is 1210092637 a multiple of 9?
False
Is 5223367407 a multiple of 4856?
False
Is 29 a factor of 288876028?
False
Is 312534458 a multiple of 1704?
False
Is 5068 a factor of 688092496?
True
Is 2994411552 a multiple of 646?
True
Does 1973 divide 2009266289?
False
Is 2513 a factor of 473421644?
False
Is 112330446 a multiple of 26?
False
Does 1611 divide 13582434?
False
Is 5241469461 a multiple of 5354?
False
Does 603 divide 4375991?
False
Does 673 divide 139843319?
False
Does 638 divide 204402567